4 (base 16) in base 8?
-172324
-3a3ab (base 14) to base 4
-203001003
What is 2232104303 (base 5) in base 7?
60063252
Convert -315782 (base 9) to base 12.
-90962
7b7093 (base 15) to base 14
ad6ad9
Convert -4951a (base 14) to base 3.
-100010001010
Convert 16743 (base 9) to base 14.
42c5
What is -115234 (base 8) in base 5?
-2231310
What is -1085565 (base 10) in base 7?
-12140625
33333313 (base 5) to base 2
1000111100001011110
What is 514142 (base 7) in base 4?
111131033
What is 1000012101011 (base 3) in base 15?
a895a
Convert 845953 (base 10) to base 16.
ce881
2785360 (base 11) to base 8
22224503
Convert -7c830 (base 13) to base 9.
-376280
-13440102111 (base 5) to base 4
-1002301102232
111100011001101011100 (base 2) to base 9
3645882
Convert 1121111202 (base 4) to base 6.
11502030
What is -30254201 (base 7) in base 3?
-11201220122212
57369 (base 11) to base 14
2233a
-314352 (base 6) to base 9
-38135
-11112344432 (base 5) to base 14
-18a5642
-413da (base 14) to base 10
-157188
Convert -21301022322 (base 4) to base 15.
-358ad3
What is 101010011111101110 (base 2) in base 10?
174062
-98082 (base 11) to base 13
-4cb31
Convert 100131100123 (base 4) to base 10.
4314139
Convert -10971f (base 16) to base 2.
-100001001011100011111
Convert 1b3958 (base 12) to base 5.
110432401
Convert -1af5b (base 16) to base 3.
-12121110220
-15243024 (base 6) to base 13
-159454
2123100301 (base 4) to base 12
268041
What is -325688 (base 9) in base 7?
-1436666
Convert 458c6a (base 13) to base 5.
410211134
Convert -120120010111 (base 3) to base 8.
-1126142
Convert 311253101 (base 6) to base 13.
1168678
-46b752 (base 15) to base 6
-200240135
130231420 (base 5) to base 4
2122220100
Convert 21001220010001 (base 3) to base 8.
16252444
What is -4778a3 (base 14) in base 6?
-124153303
What is -1023112040 (base 5) in base 6?
-114145130
1313323013 (base 4) to base 13
142772
Convert -211111000201 (base 3) to base 13.
-126562
What is 5258 (base 12) in base 11?
6839
What is -72926 (base 14) in base 11?
-17956a
832630 (base 9) to base 12
1b9aa6
Convert -492a28 (base 11) to base 13.
-213c85
34b3a (base 13) to base 8
274173
-624399 (base 11) to base 9
-1785567
163321b (base 12) to base 9
8488775
1011100101010101000 (base 2) to base 15
776e0
What is -186b73 (base 12) in base 5?
-102124014
17c41 (base 13) to base 3
2100010111
Convert 33753 (base 11) to base 7.
262223
Convert -d16591 (base 15) to base 4.
-211323233023
Convert -111110010100100 (base 2) to base 7.
-162012
1033442234 (base 5) to base 11
12a7257
-2122913 (base 12) to base 15
-83bd79
Convert 15057071 (base 8) to base 4.
31011320321
32893 (base 15) to base 7
1236054
11011110010001101111010 (base 2) to base 10
7283578
3451333 (base 7) to base 12
18a49a
Convert ad50 (base 14) to base 7.
153430
What is 1101100000011110101 (base 2) in base 13?
126602
Convert 1142262 (base 7) to base 9.
240666
What is -367080 (base 15) in base 10?
-2605620
-286ab (base 16) to base 5
-20244142
Convert -123306 (base 16) to base 10.
-1192710
37008 (base 16) to base 10
225288
Convert 29433a (base 12) to base 16.
a8dde
What is 111302010020 (base 4) in base 13?
124c067
What is 113353215 (base 6) in base 11?
1225388
Convert -453255 (base 8) to base 11.
-a5169
What is -11212020112122 (base 3) in base 4?
-21312223022
-150441c (base 13) to base 6
-355241003
Convert 820b (base 16) to base 8.
101013
Convert -383997 (base 11) to base 6.
-20551033
Convert -5e50a (base 16) to base 3.
-201121220221
What is -2506 (base 15) in base 4?
-1323021
What is -5777b (base 12) in base 2?
-11100100010001111
-100020110 (base 4) to base 9
-110558
Convert 1483187 (base 9) to base 2.
11001000110011001000
1db22 (base 16) to base 10
121634
What is -1a89809 (base 11) in base 8?
-15313533
What is 527217 (base 8) in base 12?
85867
What is -21522203 (base 6) in base 13?
-199242
10200112211220 (base 3) to base 15
28a896
Convert -222002123 (base 4) to base 15.
-36042
Convert 11655161 (base 7) to base 9.
1878312
Convert 861192 (base 10) to base 15.
12027c
Convert -1873156 (base 11) to base 15.
-4283db
What is -8e6c52 (base 15) in base 5?
-3220304102
What is 100001101100001001 (base 2) in base 11?
94749
Convert -6aa01 (base 13) to base 14.
-51107
Convert 1211002210011 (base 3) to base 2.
11101011111101100000
Convert -642393 (base 10) to base 3.
-1012122012100
Convert 22bd9d9 (base 14) to base 13.
35905a7
-88581 (base 10) to base 3
-11111111210
-42a1b3 (base 12) to base 16
-101697
Convert 1319554 (base 10) to base 7.
14134045
What is -a148e8 (base 15) in base 10?
-7659893
What is -112122201001121 (base 3) in base 6?
-434534411
-2242214 (base 7) to base 5
-32414221
3701336 (base 11) to base 10
6443773
Convert 24201230 (base 5) to base 7.
1625350
Convert -202130210020 (base 4) to base 9.
-17882617
Convert -12db03 (base 15) to base 12.
-378a56
What is -11000334 (base 5) in base 11?
-64563
-14574b (base 12) to base 10
-341483
Convert -1003a68 (base 13) to base 9.
-10078547
Convert -1041807 (base 9) to base 10.
-559069
What is 731421 (base 9) in base 12?
18b26a
10010101110001110111 (base 2) to base 8
2256167
110011111111010001110 (base 2) to base 12
6a1a3a
Convert -9572 (base 11) to base 9.
-18330
Convert -844224 (base 12) to base 7.
-23454361
-433033 (base 8) to base 4
-203120123
What is 1a0a148 (base 11) in base 12?
117902a
Convert 110010010100111000 (base 2) to base 13.
72a98
-6327415 (base 8) to base 11
-a4a694
What is -1110100201120 (base 3) in base 13?
-211824
What is -1b4b29a (base 12) in base 9?
-11858061
What is 10020023131 (base 4) in base 10?
1082077
What is 278313 (base 10) in base 14?
735d7
What is -4a674 (base 13) in base 9?
-228331
Convert 43133307 (base 8) to base 9.
18314868
-3300003300 (base 4) to base 13
-28572c
Convert -495b5 (base 12) to base 8.
-302031
What is -56796 (base 11) in base 9?
-134610
4612e8 (base 15) to base 10
3345293
What is -4a1d8 (base 14) in base 9?
-305855
What is -e845 (base 15) in base 16?
-bfdb
What is 6310237 (base 11) in base 10?
11127442
What is -558b95 (base 12) in base 11?
-85134a
-1bbede (base 16) to base 8
-6737336
924375 (base 10) to base 15
133d50
2254461 (base 7) to base 14
74d68
Convert -100010114 (base 6) to base 3.
-10011101211201
-225130510 (base 6) to base 3
-21211120020220
-21141211 (base 6) to base 3
-1011111011221
What is -11356b (base 15) in base 13?
-229b0b
157238 (base 10) to base 6
3211542
Convert -20100100012 (base 3) to base 15.
-27022
What is -10011110000000010100 (base 2) in base 8?
-2360024
Convert -210212000011 (base 3) to base 11.
-274173
Convert -1a704a (base 11) to base 6.
-10442452
Convert -95be1 (base 15) to base 3.
-220010211111
What is -751684 (base 11) in base 8?
-4455027
What is 19a5a2 (base 11) in base 3?
120120220201
Convert -243c2 (base 15) to base 7.
-661022
Convert 321330301 (base 4) to base 7.
2006005
Convert -2c79a (base 13) to base 16.
-14b3c
Convert -958856 (base 11) to base 7.
-16020204
2104441313 (base 5) to base 11
2518764
What is 163500322 (base 7) in base 13?
2402017
31757 (base 14) to base 15
255cb
13b35b0 (base 12) to base 6
221003540
-10013421 (base 5) to base 4
-103112010
What is 54895 (base 10) in base 4?
31121233
What is -48304 (base 14) in base 8?
-530120
-574723 (base 8) to base 5
-22220102
Convert -11000000010110 (base 2) to base 7.
-50614
What is 1100222020 (base 4) in base 11?
206242
What is -11340010 (base 9) in base 11?
-3129681
Convert -1003333322 (base 5) to base 13.
-555881
What is -753565 (base 9) in base 7?
-3546311
-11d6ec (base 16) to base 13
-31c1c3
What is 466012 (base 8) in base 5?
20034410
Convert 14144520 (base 6) to base 15.
975d6
1300123 (base 5) to base 11
178a2
-236a7a (base 15) to base 14
-3210da
What is 566b84 (base 12) in base 5?
323140003
49100 (base 16) to base 5
34034024
-6c9a4 (base 16) to base 6
-13311232
Convert -1075080 (base 10) to base 13.
-2b8456
Convert -73f634 (base 16) to base 3.
-112022002210012
What is -224689 (base 10) in base 7?
-1624033
What is 4115759 (base 10) in base 8?
17546457
What is -704f2 (base 16) in base 15?
-9147d
Convert -1c501 (base 14) to base 6.
-1314501
Convert 453a7a (base 12) to base 7.
12253456
What is -1332133102 (base 5) in base 16?
-33d1bb
11101001111111101001010 (base 2) to base 13
1786000
147257 (base 9) to base 14
25042
-4367040 